 (-1 + -8 - (71 - 65))
0
-8 - -14 - (19 + -1 + 2)
-14
Calculate -202 + 212 + (0 - 13) + 22.
19
Calculate 0 - (-6 + -11 + 16) - 7.
-6
What is 18 - 2 - 6 - 13?
-3
Calculate 21 + -14 - (6 + -8 - 2).
11
9 - ((-8 - -29) + -1)
-11
Calculate (8 + -8 - (-16 - -5)) + -6.
5
5 - ((5 - (20 + -3)) + 4 - -22)
-9
What is the value of 0 - ((17 - 9) + 0)?
-8
(0 - 10) + (-22 + 12 - -18)
-2
(-13 + 2 + 6 + 2 - -4) + -14
-13
(-12 - 2) + (-12 + 8 - (1 - -4))
-23
What is -11 + 10 - 6 - -15?
8
Evaluate 18 - -5 - (19 + -13 + 6).
11
-11 + 6 + -1 - (-7 - 1)
2
What is (-21 - -15 - -13) + (0 + -1 - 0)?
6
What is the value of -41 + 26 + 0 + 20 + 4?
9
(5 + -1 - 8 - 4) + -6
-14
42 - (2 + -2) - (1950 - 1938)
30
What is the value of 17 - 48 - 2 - (-1 - 12)?
-20
(7 - (4 + (0 - -8))) + 0 + -2
-7
Calculate (8 - 3) + ((-8 - -1) + 7 - -1).
6
What is 0 + -4 + 3 + (-54 - -62) + 33?
40
Calculate 36 + (2 - (6 + 18)).
14
305 + -275 + 0 + -48
-18
What is (-25 - 1) + (720 - 703) - (-42 - -1)?
32
Calculate -8 + 1 + 15 + -6 + -3 + 1.
0
What is 10 + 0 - (-23 + 34) - (-14 - -1)?
12
Evaluate (8 - (-3 + 26)) + 9.
-6
Calculate (-27 - -13) + 26 + -16.
-4
Calculate (4 + -5 + 0 - (-40 - -23)) + 9.
25
What is the value of -18 + 1 + -34 - -26?
-25
What is the value of -3 - (1 - (-9 + (8 - 7)))?
-12
Calculate (2 - (5 - (2 + (5 - 6)))) + 0.
-2
Evaluate -48 + 63 - ((5 - 2) + 3) - -3.
12
Calculate 17 + -1 + (-2 - (11 + -22)) + 1.
26
What is 14 + (15 - 5 - 18) + -5?
1
Calculate (-18 + 39 - 46) + (-2 + 1 - -4).
-22
Calculate (-7 - ((-17 - -2) + 8)) + (0 - 5).
-5
(26 - 9) + -11 + -13
-7
(-34 - 40) + 55 + 7 + 0
-12
What is -26 - (5 + (1 - 26))?
-6
Calculate (-10 - (-96 - -74)) + (-1 - 10).
1
Calculate 13 + 11 + (11 - 43) - (1 + 7).
-16
Calculate -5 + (4 - 6) + 7 + 22.
22
Evaluate -9 + 1 - 3 - -9 - 11.
-13
(0 - (-5 + 4)) + -5 + -6
-10
Calculate (-29 - -23) + -3 + (7 - 2).
-4
What is 38 + -37 - (-3 + 2 + -8)?
10
Evaluate -5 - ((-12 - (5 + -4)) + (15 - 7)).
0
Calculate 6 + (-16 - (0 + -30)).
20
What is the value of 3 - 5 - ((6 - 4) + -6) - -6?
8
Evaluate 0 + ((-13 - -17) + 7 - 3).
8
What is the value of (-42 - -40 - (1 - -2)) + -6 + -3?
-14
What is -1 + 24 + ((45 - 10) + -21 - 9)?
28
10 - 1 - (-189 - -185)
13
Evaluate 5 + 1 + -9 - (1 + 2).
-6
Evaluate (33 - 50) + 8 + 8.
-1
-27 + 4 - -9 - 2 - -47
31
Calculate 0 - (-9 + (7 - 11)).
13
Calculate 3 + (-3 - 2) + 21 + 97 + -104.
12
Evaluate (9 + 1 + -1 - 18) + 11.
2
What is 4 + (0 - -2) - (-21 - -3 - -27)?
-3
What is the value of -4 + (2 - -4) + (-28 - -33)?
7
Calculate -2 + 3 + -7 - (45 - 39).
-12
(-56 - 0) + (91 - 65 - 7)
-37
48 - (33 + (21 - 26))
20
Evaluate -1 + -1 + (3 - (-5 - 17 - -22)).
1
Evaluate 8 + 29 + -17 + (1 - 13).
8
Calculate 4 + -18 + 7 + -1 - -3.
-5
What is 6 - (-13 + (8 - 3 - -4))?
10
Evaluate -688 - -706 - (1 - -19).
-2
19 - (12 - 7) - 4 - 7
3
What is the value of 1 - -1 - 2 - (36 + -63 + 23)?
4
What is the value of (-29 - -20) + -2 + 8 - -25?
22
Evaluate 22 + (35 - (9 - -17)).
31
Calculate -369 + 311 + (-1 - -43).
-16
Evaluate 3 - 2 - 1 - (-957 + 946).
11
What is the value of (0 - -6) + 1 + -36?
-29
What is 12 - (-9 + (8 - -18))?
-5
What is the value of (-42 - (-6 - 11)) + (4 - 0 - -4)?
-17
Calculate 168 + -144 + -2 + -37.
-15
Evaluate (-2 + 15 - 16) + 14.
11
Evaluate 4 - (0 - 3 - 3 - -18).
-8
Calculate -8 - (1 + -4 - (-5 + 9) - 0).
-1
(4 - (6 + -16)) + 1 + 0
15
What is the value of 2 + -19 + 6 + (8 - -3 - 18)?
-18
(-11 - -17) + (-16 - 0)
-10
Evaluate 14 + 2 + -1 + (-7 - (-6 - -3)).
11
What is the value of 725 + -759 + (1 - -27)?
-6
(9 - 3) + -2 + -7
-3
(0 - -1) + 46 + -50
-3
Evaluate (-438 - -439) + -1 + -22.
-22
-28 - -37 - 0 - (-16 + 2)
23
-2 - -14 - (11 - -18)
-17
Evaluate -1326 + 1346 - (1 + 21).
-2
What is (2 + 1 + -3 - 7) + (11 - 16)?
-12
-1 - ((5 - -2) + (14 - 13) + -2)
-7
What is the value of 1 + 1 + (-14 - (5 - (14 + -5)))?
-8
23 - (13 - (-22 - -20))
8
Calculate 50 + -49 + -2 + -5.
-6
Calculate (2 - 4) + (-8 - -4) + -6.
-12
Evaluate -15 + -2 + 21 + 12 + -37.
-21
Calculate 17 + (-22 - (-4 - 10) - 0).
9
What is the value of -3 + (-16 - (-5 - 0)) + -5?
-19
Calculate (0 + -1 - 5) + (24 - 15).
3
What is -3 + 4 + 0 + -4 + -1 + -4?
-8
Evaluate -2 + 11 + (-1 - -7 - (-13 - -14)).
14
Calculate (11 - 11 - 7) + -1 + 5 - -23.
20
Calculate 84 + -89 - (3 + -22).
14
Calculate -1 + -7 - ((-3 - -4) + -1).
-8
Calculate -1 + 9 - (11 + 30 + -20).
-13
Calculate 32 - (-14 - -14 - -12).
20
What is 8 + (-1 + 15 + -8 - 7) + -2?
5
What is the value of 13 + (-1 - -7 - (-30 - -47))?
2
Calculate -2 - (11 - (10 - (2 - -1))).
-6
Calculate -2078 + 2074 - (1 + (0 - 9)).
4
Calculate 5 + -5 + -7 + 2 + -7 + 2.
-10
3 - (0 + 3 - -9)
-9
Evaluate -19 - (-29 + 14 + 18).
-22
Calculate (26 - (13 - 9)) + -16.
6
(70 + -42 - -5) + -1
32
Calculate -12 + -2 + 11 - 7.
-10
What is -22 + 29 - -8 - 29?
-14
2 - -1 - (-4 + 24 + -14 + 14)
-17
-17 + -19 + 88 + -14 + -9
29
Evaluate (624 - 601) + (0 - 19) - (1 + 8).
-5
Calculate 17 + 15 + -34 - 5.
-7
What is the value of -8 + 2 + 68 + -52 + (-6 - 1)?
3
Calculate 11 + (-26 - 6) + 15.
-6
-35 + 17 + -10 + 6
-22
Calculate 23 + (-29 + 28 - (-8 + (7 - 4))).
27
Calculate (5 - 18) + (-13 - -16).
-10
Evaluate 8 - (36 + 4 + (-4 - 14)).
-14
Evaluate 8 + 21 + (-22 - 1) - (-1 - 20).
27
-3 + (2 + -1 - (3 + 1))
-6
Calculate (-21 - -8) + (9 - 7 - -4).
-7
What is 2 + 1 - (-48 - 1 - -24)?
28
What is the value of (0 - -7 - (-17 - -38)) + -7?
-21
Evaluate -32 - (-46 + -7 + 31).
-10
What is the value of 32 + 53 + -47 - -3?
41
What is (-5 + (4 - 4) - -13 - 10) + -18?
-20
Calculate (4 - (-25 - -23)) + (-2 - 6).
-2
What is the value of (-3 + 3 - 0) + -5 + -3 - -32?
24
Calculate 5 - (-6 + (10 - (-7 - 0))).
-6
11 + (-27 + (33 - 12) - (-1 - 0))
6
What is the value of -1 + -43 + 19 + 4?
-21
What is the value of 9 + (8 - 2 - (49 - 27))?
-7
Calculate (-24 - 126) + 157 - (0 + -7 - 1).
15
Evaluate -558 + 528 - ((0 - 1) + -3).
-26
What is (0 - -5) + 17 + -25?
-3
What is the value of 3 - -5 - (1 + 9 - 8 - -7)?
-1
Calculate -20 + -8 + (-19 - -6) + (3 - 2).
-40
What is the value of (7 - 23) + 39 + 9 + -17?
15
What is the value of -5 + 22 + -30 - (1 - 0)?
-14
What is -3 - (-18 + -15 + 30)?
0
Calculate 5 + (3 - 8 - -2) + -11.
-9
Evaluate 21 - -21 - (0 + 13).
29
Evaluate -10 - (-28 - (-1 + -7)).
10
Calculate -16 + (13 - -8) + (2 - 3) + -9.
-5
(-1 - -34) + (-48 - (-7 - 39))
31
(-1 - (-4 - (-9 + 3))) + -9
-12
What is (3 - 0) + (8 + -12 - 0) + -6?
-7
Evaluate 8 - (-1 - ((8 - 13) + 8)).
12
33 + (1 - (54 + 4))
-24
Evaluate (-8 - (-1 + 0 + -3)) + 7 - -4.
7
Evaluate 6 - 8 - (-1 + 10).
-11
What is -17 - 3 - -10 - (4 - 2)?
-12
Evaluate 5 + -4 + (-2 - -17).
16
Evaluate (0 - (5 + (-4 - -2) + 1)) + 10.
6
Evaluate 11 + -1 + 5 + -10 + -3.
2
Evaluate (-7 - 1) + 9 + 11.
12
Evaluate 9 + (-8 + 7 - 3) - -9.
14
Evaluate (29 - 11 - 25) + 1.
-6
What is (9 - (-23 + 51)) + 2?
-17
What is the value of (3 + 17 - 21 - (-1 + 5)) + -21?
-26
(-5 - -17) + -25 + 6 - (2 + 0)
-9
-17 + 9 + 0 + 0 + 21
13
Evaluate 21 - 12 - (1 - -8).
0
(-6 - -3) + (-9 + 2 - (-6 + 15))
-19
What is the value of -40 + -9 - -37 - (1 + -8 - -2)?
-7
What is the value of -20 - (-19 - 18 - -25)?
-8
Calculate 3 + (-6 + -1 + 7 - 4).
-1
(11 - 16) + 0 + -3 + (0 - -5)
-3
Evaluate 1 + -7 + 17 + -26.
-15
Evaluate -11 - -5 - 8 - -8.
-6
What is the value of (16 - (3 - (0 - 0))) + (57 - 51)?
19
Evaluate 4 - (24 - 25 - 5).
10
Calculate (1 - 6 - (-53 + 51)) + -1 + 6.
2
Evaluate (-4 - (6 - (-4 + 11))) + -6.
-9
(-1 - -1) + 3 - (-56 + 49 - -10)
0
What is -14 + 1 - (56 + -83)?
14
What is 8 + -1 + 0 - (9 + 8 + -17)?
7
Evaluate -33 + 13 + 2 + 11.
-7
Evaluate 213 - 218 - (0 - 9) - (-1 - -3).
2
Calculate (-7 - (1 - (-7 + 8))) + 11.
4
-4 + -3 + (-4 - (-10 + -1))
0
What is the value of -1 + -2 + (4 - (33 - 25))?
-7
Evaluate -1 + 3 - ((34 - 60) + 30).
-2
Evaluate 47 + -22 - -6 - 44.
-13
What is 1 + -27 + 26 + 5?
5
Calculate (-1 + 10 + -1 - 8) + 5 + 0.
5
What is -91 - -97 - (-4 + 5)?
5
-1 + 2 + -2 + 21 + -21 - 1
-2
17 - (0 - -13) - -3
7
What is the value of -374 + 411 + -1 + -37?
-1
Evaluate -41 - -31 - (-4 + 3).
-9
What is the value of -15 + -22 + (22 - -20)?
5
Calculate (55 - 56) + -3 + 2 + 0.
-2
What is -6 - ((-1 - (7 + -4)) + (31 - 24))?
-9
Calculate -8 + 3 + (-10 - (-6 - 11)) + -30.
-28
Evaluate 1 - 2 - (-35 - -22 - -5).
7
What is the value of (-11 - -10) + (